301*t - 911. Determine y(-3).
-8
Let v(o) = 206*o + 1052. What is v(-5)?
22
Let s(h) = 43*h + 935. Give s(-22).
-11
Let j(l) = -5*l - 59. Calculate j(-11).
-4
Let y(q) = 6*q**2 - 232*q + 2129. Determine y(15).
-1
Let d(k) = k**3 + 152*k**2 + 1547*k - 629. Calculate d(-141).
-65
Let d(i) = 33*i - 352. What is d(9)?
-55
Let u(s) = -s**2 - 5*s + 435. Calculate u(24).
-261
Let i(b) = -5*b - 43. Give i(-16).
37
Let w(q) = 49*q**2 + 6*q - 7. What is w(1)?
48
Let y(b) = -4*b**2 - 95*b - 437. What is y(-18)?
-23
Let u(l) = -165*l - 148. Calculate u(-1).
17
Let n(p) = -2*p**2 + 117*p + 3043. Give n(78).
1
Let j(b) = -b**2 + 24*b + 700. Determine j(41).
3
Let a(j) = -j**3 - 34*j**2 + 90*j + 159. Calculate a(-36).
-489
Let i(o) = -o**3 - 22*o**2 - 36*o + 68. Determine i(-20).
-12
Let f(n) = 2*n**2 + 10*n + 70. Calculate f(-7).
98
Let p(k) = k**3 + 102*k**2 + 2589*k + 228. Give p(-55).
8
Let r(p) = 6*p**2 + 52*p + 120. Calculate r(-6).
24
Let d(h) = h**3 - h**2 - 71*h - 15. What is d(-8)?
-23
Let g(f) = 82*f**2 - 387*f - 111. Calculate g(5).
4
Let l(z) = 6*z**3 - z**2 + 15*z + 50. Calculate l(-3).
-166
Let g(a) = -2*a**2 - 250*a + 736. What is g(3)?
-32
Let u(a) = 4*a**2 + 9*a - 15. What is u(-6)?
75
Let f(w) = 3*w**3 - 66*w**2 - 3*w + 122. Calculate f(22).
56
Let b(d) = -64*d - 377. Calculate b(-12).
391
Let d(o) = 2*o**3 + 87*o**2 + 43*o + 22. Give d(-43).
22
Let w(u) = -8*u + 75. Calculate w(19).
-77
Let c(y) = -99*y - 92. Determine c(-1).
7
Let s(k) = -184*k + 6. Calculate s(0).
6
Let w(i) = 4*i**2 - 187*i + 153. Determine w(46).
15
Let n(l) = -2*l**2 + 4216*l - 71087. What is n(17)?
7
Let j(m) = m**3 - 24*m**2 - 9*m - 343. Calculate j(25).
57
Let n(r) = 89*r + 172. What is n(-2)?
-6
Let k(u) = -u**3 - 17*u**2 - 4*u - 15. Determine k(-17).
53
Let d(m) = -m**3 + 120*m**2 - 355*m + 471. Determine d(117).
3
Let x(r) = -3*r**2 + 193*r - 1214. Determine x(7).
-10
Let k(n) = -6*n - 55. Determine k(-4).
-31
Let i(y) = 2*y**3 + 5*y**2 - 83*y + 36. What is i(5)?
-4
Let f(b) = -3*b**3 + 11*b**2 + 68*b - 2. Give f(7).
-16
Let p(q) = 24*q - 2623. What is p(115)?
137
Let w(j) = -21*j - 225. Give w(-17).
132
Let j(r) = -r**3 + 58*r**2 + 113*r + 414. What is j(60)?
-6
Let c(z) = -72*z**2 - 5*z + 4. Give c(1).
-73
Let t(w) = 203*w + 241. Determine t(-1).
38
Let l(j) = 57*j**2 - 109*j - 111. What is l(-1)?
55
Let f(q) = -8*q**3 + 65*q**2 - 22*q + 111. Give f(8).
-1
Let s(w) = 2*w**3 + 19*w**2 + 81*w + 323. Give s(-7).
1
Let z(u) = -u**3 + 106*u**2 - 103*u + 138. What is z(105)?
348
Let l(u) = 28*u - 37. Determine l(2).
19
Let i(w) = -707*w + 2805. Determine i(4).
-23
Let b(c) = -2*c**2 + 20*c - 58. Give b(11).
-80
Let t(z) = -3*z**2 + 52*z - 74. What is t(16)?
-10
Let o(a) = 6*a**2 + 87*a + 222. Give o(-11).
-9
Let v(w) = -25*w + 558. Give v(13).
233
Let c(s) = -489*s - 34. Give c(0).
-34
Let w(t) = 96*t + 1891. Determine w(-19).
67
Let t(u) = u**3 - 8*u**2 - 5*u - 56. Calculate t(9).
-20
Let u(g) = 2*g**2 - 176*g - 927. Give u(-5).
3
Let t(l) = l**3 - 8*l**2 + 12*l + 16. Give t(7).
51
Let c(q) = 62*q - 367. What is c(20)?
873
Let m(x) = 1259*x - 1236. Determine m(1).
23
Let w(r) = -25*r - 1807. Give w(-72).
-7
Let z(w) = 2*w**3 - 5*w**2 - 2*w + 9. Give z(7).
436
Let x(j) = -29*j**2 - 75*j + 30. Determine x(-3).
-6
Let t(v) = 16*v**3 + 5*v**2 - 10*v + 10. Give t(2).
138
Let w(p) = -12*p**2 + 117*p + 55. Calculate w(11).
-110
Let n(w) = -w**3 - 18*w**2 + 968*w + 1021. Calculate n(-41).
-4
Let h(s) = -s**3 + 7*s**2 + 27*s - 107. Give h(9).
-26
Let f(d) = -d**2 + 49*d + 557. Calculate f(-10).
-33
Let p(c) = 30*c**2 + 708*c + 409. Calculate p(-23).
-5
Let y(z) = 9*z**3 + 44*z**2 + 12*z + 79. Determine y(-5).
-6
Let b(u) = 2*u**2 + 1145*u + 4561. Give b(-4).
13
Let i(w) = 2*w**3 - 11*w**2 - 61*w + 319. Determine i(5).
-11
Let c(n) = -7*n - 235. What is c(-41)?
52
Let h(b) = -b**3 + 10*b**2 + 29*b - 268. Give h(6).
50
Let b(m) = -996*m + 432272. Calculate b(434).
8
Let v(d) = -10*d**2 + 89*d - 6. Calculate v(10).
-116
Let z(k) = 9*k - 480. Determine z(69).
141
Let j(m) = -2*m**3 - 9*m**2 + 6*m - 5. Calculate j(0).
-5
Let h(b) = b**3 - 2*b**2 + 40*b - 62. What is h(5)?
213
Let c(l) = 74*l**2 + 1041*l + 36. What is c(-14)?
-34
Let m(z) = -z**3 + z**2 + 20*z - 15. What is m(5)?
-15
Let a(n) = n**3 + 57*n**2 - 4891*n + 138. Give a(47).
-3
Let a(t) = -187*t - 186. Determine a(-2).
188
Let x(f) = -89*f + 25. Determine x(-9).
826
Let h(c) = 6*c**3 + 25*c**2 + c + 16. Calculate h(-5).
-114
Let g(q) = q**3 + 61*q**2 + 284*q + 16. Give g(-5).
-4
Let f(z) = 533*z + 9593. What is f(-18)?
-1
Let s(k) = k**2 - 82*k - 628. What is s(-7)?
-5
Let s(h) = -496*h - 72410. Determine s(-146).
6
Let u(t) = -t**2 - 9*t + 38. Determine u(8).
-98
Let h(f) = f**3 + 570*f**2 + 8862*f - 42. Determine h(-16).
-10
Let y(v) = -41*v - 1225. Give y(-30).
5
Let o(f) = f**3 + 18*f**2 + 6*f + 2. Determine o(-4).
202
Let s(l) = l - 31. Determine s(-4).
-35
Let f(b) = b**3 - 19*b**2 - 156*b + 148. Determine f(25).
-2
Let c(m) = m**3 + 9*m**2 - 40*m + 176. Determine c(-13).
20
Let u(k) = -55*k**3 + 4*k**2 - 18. What is u(2)?
-442
Let t(g) = -g + 31. Calculate t(-31).
62
Let s(b) = 114*b - 747. What is s(6)?
-63
Let x(r) = 4*r**3 + 72*r**2 + 68*r - 9. Determine x(-17).
-9
Let h(i) = -i**2 + 32*i - 174. Give h(21).
57
Let s(b) = 7*b - 84. Give s(7).
-35
Let d(x) = 244*x - 78322. What is d(321)?
2
Let a(s) = -318*s + 996. Give a(3).
42
Let w(v) = 9313*v - 55855. Calculate w(6).
23
Let t(u) = -u - 314. Give t(-22).
-292
Let t(c) = 139*c - 7779. Determine t(56).
5
Let a(m) = 327*m - 326. What is a(1)?
1
Let z(v) = v + 92. Calculate z(-21).
71
Let a(w) = 24*w - 329. Calculate a(12).
-41
Let q(d) = -1556*d - 90251. What is q(-58)?
-3
Let b(u) = 37*u - 982. Calculate b(27).
17
Let b(o) = -5*o**3 - 150*o**2 + 3. Give b(-30).
3
Let k(z) = -19*z**2 - 4*z + 5. What is k(-5)?
-450
Let r(b) = 997*b + 2002. Calculate r(-2).
8
Let v(z) = z**3 + 28*z**2 + 96*z - 12. Determine v(-4).
-12
Let f(j) = 88*j**3 + 3*j**2 - 3. What is f(-1)?
-88
Let g(t) = -t**2 + 5*t + 61. What is g(13)?
-43
Let w(b) = -376*b - 7890. Determine w(-21).
6
Let f(p) = 258*p - 2153. Calculate f(8).
-89
Let y(x) = -2*x**3 + 73*x**2 - 11*x + 1779. Determine y(37).
3
Let k(z) = -z**3 - 9*z**2 + 15*z + 36. Calculate k(-10).
-14
Let c(r) = 41*r - 703. Determine c(9).
-334
Let r(u) = -18*u - 441. What is r(-16)?
-153
Let l(t) = -54*t**2 - 7402*t - 539. Calculate l(-137).
9
Let b(l) = 9*l**2 - 40*l - 282. Give b(-7).
439
Let j(g) = -16*g**2 + 42*g - 106. Calculate j(4).
-194
Let j(y) = -y**3 - 5*y**2 + 51*y + 287. Give j(-8).
71
Let u(z) = z**2 + 65*z + 382. Give u(-7).
-24
Let r(y) = y**2 + 486*y + 4281. Determine r(-9).
-12
Let z(t) = -3*t**2 - 41*t + 130. Calculate z(-7).
270
Let y(c) = -c**3 + 213*c + 541. Calculate y(-13).
-31
Let y(v) = -v**2 + 93*v + 1017. Calculate y(103).
-13
Let c(i) = 4*i**3 + 15*i**2 - 94*i - 22. Give c(-7).
-1
Let b(l) = -11*l**3 - 59*l**2 + 19*l + 3. What is b(-6)?
141
Let l(p) = -2*p**2 - 61*p - 108. Determine l(-2).
6
Let w(b) = -75*b + 6001. Give w(80).
1
Let o(i) = -3*i**2 + 559*i + 2070. Give o(190).
-20
Let d(j) = j**2 + 7*j - 1251. Determine d(-39).
-3
Let o(h) = 20*h**2 + 204*h + 38. Give o(-10).
-2
Let d(h) = -3*h**3 - 56*h**2 + 24*h + 11. Give d(-19).
-84
Let k(q) = -3*q**3 - 6*q**2 - 17*q - 63. Give k(-3).
15
Let l(t) = -19*t - 118. What is l(-10)?
72
Let m(o) = 96*o - 578. Calculate m(6).
-2
Let i(b) = 2*b**2 - 35*b - 78. Calculate i(22).
120
Let y(z) = -4*z**3 + 2*z**2 - 10*z - 22. Determine y(-2).
38
Let o(x) = 4*x**3 - 2*x**2 + 7*x - 1. Give o(0).
-1
Let l(c) = c**2 - 52*c - 29253. What is l(-147)?
0
Let t(m) = -23*m**2 - 165*m - 157. Calculate t(-6).
5
Let s(n) = -n**3 - 103*n**2 - 1097*n - 468. Determine s(-91).
-13
Let z(j) = 38*j + 1057. Give z(-23).
183
Let t(w) = -44*w - 968. Give t(-22).
0
Let k(j) = 7*j**2 - 39*j - 40. Calculate k(-1).
6
Let c(a) = -a**2 + 26*a + 353. Calculate c(-10).
-7
Let k(p) = p**3 + 7*p**2 - 16*p + 10. Give k(-10).
-130
Let v(b) = -158*b**2 - 5370*b + 97. Calculate v(-34).
29
Let b(x) = -x**3 - 38*x**2 - 188*x + 146. Determine b(-32).
18
Let o(s) = 15*s**3 - 3*s**2 - 11*s + 14. Determine o(1).
15
Let q(n) = -23*n - 401. Calculate q(-17).
-10
Let t(b) = b**2 - 975*b - 3938. Give t(-4)